 is the thousands digit of 31481867?
1
What is the billions digit of 1088888598?
1
What is the hundred millions digit of 978733820?
9
What is the hundreds digit of 208988616?
6
What is the hundreds digit of 36704712?
7
What is the tens digit of 26311396?
9
What is the ten millions digit of 2357582374?
5
What is the thousands digit of 376708988?
8
What is the hundred thousands digit of 760923950?
9
What is the thousands digit of 65854951?
4
What is the thousands digit of 17235429?
5
What is the hundred thousands digit of 5216520?
2
What is the tens digit of 1789585156?
5
What is the ten thousands digit of 717877243?
7
What is the millions digit of 2985040698?
5
What is the ten thousands digit of 164480343?
8
What is the millions digit of 53914454?
3
What is the thousands digit of 1261905604?
5
What is the hundred millions digit of 3165659683?
1
What is the hundred millions digit of 829711264?
8
What is the hundreds digit of 2214688831?
8
What is the tens digit of 73203616?
1
What is the hundreds digit of 394393382?
3
What is the hundred thousands digit of 8190820111?
8
What is the thousands digit of 14361817?
1
What is the hundreds digit of 2250348129?
1
What is the ten thousands digit of 53262483?
6
What is the thousands digit of 98843503?
3
What is the tens digit of 3728133879?
7
What is the millions digit of 778124425?
8
What is the millions digit of 201177297?
1
What is the ten thousands digit of 4047079?
4
What is the hundred thousands digit of 84616805?
6
What is the ten thousands digit of 949758115?
5
What is the ten millions digit of 110224252?
1
What is the tens digit of 27861803?
0
What is the tens digit of 36027934?
3
What is the millions digit of 483762514?
3
What is the millions digit of 2440424387?
0
What is the units digit of 380047410?
0
What is the ten millions digit of 98491968?
9
What is the units digit of 729197396?
6
What is the hundreds digit of 117369603?
6
What is the hundred thousands digit of 549533701?
5
What is the hundred millions digit of 213766205?
2
What is the hundred thousands digit of 804042998?
0
What is the ten thousands digit of 331855781?
5
What is the ten millions digit of 217612291?
1
What is the ten millions digit of 1836488651?
3
What is the ten millions digit of 1084027457?
8
What is the thousands digit of 4779721873?
1
What is the millions digit of 66025686?
6
What is the thousands digit of 1018822156?
2
What is the thousands digit of 12594610?
4
What is the tens digit of 355165284?
8
What is the tens digit of 535942652?
5
What is the units digit of 37553119?
9
What is the millions digit of 287951775?
7
What is the units digit of 53727137?
7
What is the thousands digit of 42473512?
3
What is the ten thousands digit of 46981063?
8
What is the hundred thousands digit of 67765824?
7
What is the thousands digit of 85314158?
4
What is the units digit of 222834508?
8
What is the hundred thousands digit of 464452378?
4
What is the ten millions digit of 3178529387?
7
What is the hundred millions digit of 284823838?
2
What is the ten millions digit of 480682484?
8
What is the hundred millions digit of 513687247?
5
What is the hundreds digit of 69122886?
8
What is the tens digit of 1843011?
1
What is the hundred thousands digit of 1051365973?
3
What is the ten thousands digit of 52874843?
7
What is the ten millions digit of 168320020?
6
What is the hundreds digit of 3622567059?
0
What is the units digit of 775932900?
0
What is the hundreds digit of 1338086360?
3
What is the units digit of 2042209481?
1
What is the hundreds digit of 87658904?
9
What is the hundreds digit of 1836965438?
4
What is the thousands digit of 110942582?
2
What is the ten thousands digit of 893485915?
8
What is the hundred thousands digit of 6759943?
7
What is the units digit of 2541890100?
0
What is the hundred millions digit of 500740914?
5
What is the hundreds digit of 630553283?
2
What is the millions digit of 157429144?
7
What is the units digit of 238486963?
3
What is the ten thousands digit of 279340339?
4
What is the hundred millions digit of 634935738?
6
What is the hundreds digit of 15196729?
7
What is the ten millions digit of 54406471?
5
What is the hundred millions digit of 158005546?
1
What is the ten millions digit of 1633943672?
3
What is the hundred thousands digit of 1633957417?
9
What is the hundred thousands digit of 140451187?
4
What is the thousands digit of 5954596538?
6
What is the tens digit of 198683456?
5
What is the units digit of 120672731?
1
What is the tens digit of 221489352?
5
What is the tens digit of 223266650?
5
What is the ten thousands digit of 2065661929?
6
What is the millions digit of 101722919?
1
What is the thousands digit of 3354893365?
3
What is the tens digit of 429530994?
9
What is the ten millions digit of 80453066?
8
What is the millions digit of 555547176?
5
What is the units digit of 86930012?
2
What is the billions digit of 1118444019?
1
What is the units digit of 356489094?
4
What is the hundred millions digit of 6290127327?
2
What is the tens digit of 224741602?
0
What is the hundred millions digit of 3467973565?
4
What is the hundred thousands digit of 211162329?
1
What is the thousands digit of 3333333?
3
What is the units digit of 228429780?
0
What is the thousands digit of 201235769?
5
What is the hundreds digit of 55697789?
7
What is the ten thousands digit of 3407103?
0
What is the units digit of 31013884?
4
What is the thousands digit of 153093768?
3
What is the hundred millions digit of 680709588?
6
What is the hundreds digit of 8289130169?
1
What is the thousands digit of 718901346?
1
What is the hundred millions digit of 614553689?
6
What is the thousands digit of 62365333?
5
What is the hundreds digit of 56613456?
4
What is the units digit of 34577957?
7
What is the ten thousands digit of 34921192?
2
What is the units digit of 30021719?
9
What is the tens digit of 1637144581?
8
What is the millions digit of 75033951?
5
What is the hundred thousands digit of 56705921?
7
What is the hundreds digit of 53266253?
2
What is the units digit of 724424645?
5
What is the ten thousands digit of 1704627047?
2
What is the millions digit of 255486750?
5
What is the hundreds digit of 8573117?
1
What is the millions digit of 1652519413?
2
What is the millions digit of 1169879328?
9
What is the ten thousands digit of 1127695958?
9
What is the units digit of 52641521?
1
What is the hundreds digit of 161389512?
5
What is the tens digit of 33972798?
9
What is the tens digit of 6628671?
7
What is the ten millions digit of 785971010?
8
What is the millions digit of 306841929?
6
What is the ten thousands digit of 779910845?
1
What is the hundred thousands digit of 3045853628?
8
What is the ten millions digit of 41987817?
4
What is the units digit of 99597280?
0
What is the hundreds digit of 132711225?
2
What is the tens digit of 450816829?
2
What is the hundred thousands digit of 1522891?
5
What is the ten millions digit of 105181387?
0
What is the millions digit of 64053839?
4
What is the millions digit of 2781364797?
1
What is the units digit of 16636674?
4
What is the hundred thousands digit of 38958835?
9
What is the millions digit of 82797561?
2
What is the tens digit of 59648330?
3
What is the billions digit of 2047161463?
2
What is the thousands digit of 27506121?
6
What is the thousands digit of 156860938?
0
What is the tens digit of 40180315?
1
What is the millions digit of 14638175?
4
What is the hundreds digit of 616566989?
9
What is the thousands digit of 43241002?
1
What is the thousands digit of 249830840?
0
What is the thousands digit of 174460988?
0
What is the thousands digit of 154994387?
4
What is the ten thousands digit of 91914789?
1
What is the ten thousands digit of 231784334?
8
What is the ten millions digit of 12399956?
1
What is the millions digit of 25419741?
5
What is the tens digit of 1264088124?
2
What is the millions digit of 283332102?
3
What is the hundreds digit of 757937912?
9
What is the units digit of 232715718?
8
What is the units digit of 334246354?
4
What is the millions digit of 1081806196?
1
What is the hundreds digit of 56923123?
1
What is the units digit of 439312039?
9
What is the units digit of 264599463?
3
What is the hundreds digit of 17621383